emainder when 3210 is divided by 1048.
66
What is the remainder when 39702 is divided by 9?
3
What is the remainder when 1505 is divided by 18?
11
What is the remainder when 2686 is divided by 139?
45
What is the remainder when 68037 is divided by 315?
312
What is the remainder when 1783497 is divided by 96?
9
Calculate the remainder when 3588 is divided by 42.
18
Calculate the remainder when 5447 is divided by 419.
0
Calculate the remainder when 38003 is divided by 362.
355
What is the remainder when 30607 is divided by 67?
55
What is the remainder when 2310645 is divided by 57766?
5
What is the remainder when 66739 is divided by 22214?
97
What is the remainder when 17422 is divided by 289?
82
Calculate the remainder when 18813 is divided by 192.
189
Calculate the remainder when 679237 is divided by 49.
48
What is the remainder when 50774 is divided by 20?
14
Calculate the remainder when 5354 is divided by 36.
26
What is the remainder when 57472 is divided by 8?
0
Calculate the remainder when 4625 is divided by 896.
145
What is the remainder when 1861 is divided by 1697?
164
What is the remainder when 10197 is divided by 10184?
13
Calculate the remainder when 3242 is divided by 497.
260
What is the remainder when 1488 is divided by 295?
13
Calculate the remainder when 3295 is divided by 1290.
715
Calculate the remainder when 9303 is divided by 166.
7
What is the remainder when 7431 is divided by 64?
7
Calculate the remainder when 1368 is divided by 104.
16
Calculate the remainder when 22139 is divided by 158.
19
What is the remainder when 435335 is divided by 83?
0
Calculate the remainder when 321176 is divided by 12846.
26
What is the remainder when 323034 is divided by 33?
30
What is the remainder when 17838 is divided by 1632?
1518
What is the remainder when 692040 is divided by 48?
24
What is the remainder when 22888 is divided by 763?
761
What is the remainder when 58985 is divided by 797?
7
Calculate the remainder when 1515714 is divided by 441.
438
What is the remainder when 498803 is divided by 28?
11
What is the remainder when 52302 is divided by 278?
38
What is the remainder when 134672 is divided by 371?
370
Calculate the remainder when 2823 is divided by 703.
11
What is the remainder when 25646 is divided by 83?
82
Calculate the remainder when 633947 is divided by 775.
772
What is the remainder when 174551 is divided by 153?
131
Calculate the remainder when 2878721 is divided by 198.
197
What is the remainder when 355445 is divided by 637?
636
Calculate the remainder when 3455198 is divided by 25.
23
Calculate the remainder when 3704 is divided by 1088.
440
What is the remainder when 39233 is divided by 95?
93
Calculate the remainder when 3004 is divided by 240.
124
Calculate the remainder when 5768 is divided by 1990.
1788
Calculate the remainder when 3752 is divided by 13.
8
What is the remainder when 2857805 is divided by 222?
221
Calculate the remainder when 4032 is divided by 1344.
0
What is the remainder when 33373 is divided by 956?
869
What is the remainder when 172538 is divided by 579?
575
What is the remainder when 5358 is divided by 442?
54
Calculate the remainder when 11246 is divided by 5615.
16
What is the remainder when 64772 is divided by 46?
4
Calculate the remainder when 5018 is divided by 289.
105
What is the remainder when 52053 is divided by 181?
106
What is the remainder when 45130 is divided by 452?
382
Calculate the remainder when 195774 is divided by 6.
0
Calculate the remainder when 7631 is divided by 335.
261
What is the remainder when 40812 is divided by 13166?
1314
Calculate the remainder when 48365 is divided by 2.
1
What is the remainder when 1581 is divided by 331?
257
What is the remainder when 72079 is divided by 819?
7
What is the remainder when 1889 is divided by 161?
118
What is the remainder when 1251 is divided by 123?
21
Calculate the remainder when 43 is divided by 29.
14
Calculate the remainder when 11093 is divided by 792.
5
Calculate the remainder when 8164 is divided by 636.
532
Calculate the remainder when 119556 is divided by 61.
57
Calculate the remainder when 101892 is divided by 86.
68
Calculate the remainder when 173789 is divided by 88.
77
Calculate the remainder when 5352 is divided by 356.
12
Calculate the remainder when 108847 is divided by 39.
37
What is the remainder when 445130 is divided by 222563?
4
What is the remainder when 14928 is divided by 216?
24
What is the remainder when 36156 is divided by 2111?
269
What is the remainder when 7368 is divided by 905?
128
What is the remainder when 224 is divided by 208?
16
Calculate the remainder when 27783 is divided by 2807.
2520
What is the remainder when 130451 is divided by 94?
73
Calculate the remainder when 3202 is divided by 73.
63
What is the remainder when 453528 is divided by 22?
20
Calculate the remainder when 115207 is divided by 153.
151
Calculate the remainder when 814 is divided by 181.
90
What is the remainder when 777374 is divided by 463?
460
Calculate the remainder when 2220 is divided by 1550.
670
What is the remainder when 62558 is divided by 49?
34
What is the remainder when 21227 is divided by 2342?
149
Calculate the remainder when 4505757 is divided by 1341.
1338
Calculate the remainder when 27608 is divided by 117.
113
What is the remainder when 10197 is divided by 22?
11
Calculate the remainder when 1501 is divided by 355.
81
What is the remainder when 60017 is divided by 8?
1
What is the remainder when 549044 is divided by 1013?
1011
Calculate the remainder when 8174 is divided by 73.
71
What is the remainder when 1295 is divided by 22?
19
What is the remainder when 27415 is divided by 9?
1
Calculate the remainder when 15850 is divided by 3114.
280
Calculate the remainder when 9074 is divided by 40.
34
What is the remainder when 1723 is divided by 16?
11
Calculate the remainder when 1654 is divided by 707.
240
Calculate the remainder when 2054 is divided by 416.
390
Calculate the remainder when 316694 is divided by 331.
258
What is the remainder when 23528 is divided by 4703?
13
What is the remainder when 1673 is divided by 1374?
299
Calculate the remainder when 85557 is divided by 46.
43
Calculate the remainder when 4853 is divided by 180.
173
What is the remainder when 46754 is divided by 249?
191
Calculate the remainder when 3631 is divided by 3478.
153
Calculate the remainder when 11469 is divided by 69.
15
Calculate the remainder when 244866 is divided by 2.
0
Calculate the remainder when 5459 is divided by 91.
90
What is the remainder when 644880 is divided by 27?
12
Calculate the remainder when 2266909 is divided by 16.
13
What is the remainder when 24263 is divided by 12116?
31
Calculate the remainder when 2278 is divided by 107.
31
What is the remainder when 53223 is divided by 579?
534
Calculate the remainder when 16882 is divided by 8418.
46
Calculate the remainder when 24030 is divided by 119.
111
What is the remainder when 1827 is divided by 25?
2
Calculate the remainder when 19587 is divided by 27.
12
Calculate the remainder when 12776 is divided by 7.
1
Calculate the remainder when 1311806 is divided by 21.
20
What is the remainder when 66772 is divided by 359?
357
Calculate the remainder when 21500 is divided by 118.
24
What is the remainder when 2013 is divided by 43?
35
Calculate the remainder when 38923 is divided by 67.
63
What is the remainder when 20061 is divided by 104?
93
Calculate the remainder when 14446 is divided by 130.
16
What is the remainder when 82929 is divided by 110?
99
What is the remainder when 924 is divided by 111?
36
Calculate the remainder when 1490 is divided by 118.
74
Calculate the remainder when 1983 is divided by 750.
483
Calculate the remainder when 22054 is divided by 71.
44
What is the remainder when 997198 is divided by 554?
552
Calculate the remainder when 324710 is divided by 148.
146
Calculate the remainder when 742891 is divided by 874.
865
What is the remainder when 6669 is divided by 5971?
698
Calculate the remainder when 40955 is divided by 1412.
7
What is the remainder when 29109 is divided by 29101?
8
What is the remainder when 3776 is divided by 1827?
122
What is the remainder when 1200 is divided by 48?
0
Calculate the remainder when 